{"id":9,"date":"2019-07-31T13:27:09","date_gmt":"2019-07-31T11:27:09","guid":{"rendered":"http:\/\/schuetzengildelohhof.de\/?page_id=9"},"modified":"2025-04-23T19:24:27","modified_gmt":"2025-04-23T17:24:27","slug":"herzlich-willkommen","status":"publish","type":"page","link":"https:\/\/schuetzengildelohhof.de\/","title":{"rendered":"Herzlich willkommen"},"content":{"rendered":"\n<p>Auf unserer Internetseite findet Ihr alle wichtigen Informationen rund um unseren Verein. Wenn Ihr durch unser Angebot neugierig geworden seid, dann besucht uns in unserem Sch\u00fctzenst\u00fcberl<br>&#8222;<strong>Haus der Vereine<\/strong>&#8222;<strong>, Birkenstra\u00dfe 2, 85716 Unterschlei\u00dfheim,<\/strong><br>oder ruft uns an!<br><strong>Georg Forstner (Sport- und Jugendleiter), 0160\/7277980<\/strong><\/p>\n\n\n\n<p class=\"has-text-align-center\"><\/p>\n\n\n\n<figure class=\"wp-block-image\"><img loading=\"lazy\" decoding=\"async\" width=\"900\" height=\"600\" src=\"http:\/\/schuetzengildelohhof.de\/wp-content\/uploads\/2019\/07\/eingang_schiessstand.jpg\" alt=\"\" class=\"wp-image-11\" srcset=\"https:\/\/schuetzengildelohhof.de\/wp-content\/uploads\/2019\/07\/eingang_schiessstand.jpg 900w, https:\/\/schuetzengildelohhof.de\/wp-content\/uploads\/2019\/07\/eingang_schiessstand-300x200.jpg 300w, https:\/\/schuetzengildelohhof.de\/wp-content\/uploads\/2019\/07\/eingang_schiessstand-768x512.jpg 768w\" sizes=\"auto, (max-width: 900px) 100vw, 900px\" \/><figcaption class=\"wp-element-caption\">Eingang zu den Schiessst\u00e4nden, Umkleide und Auswertraum<\/figcaption><\/figure>\n","protected":false},"excerpt":{"rendered":"<p>Auf unserer Internetseite findet Ihr alle wichtigen Informationen rund um unseren Verein. Wenn Ihr durch unser Angebot neugierig geworden seid, dann besucht uns in unserem Sch\u00fctzenst\u00fcberl&#8222;Haus der Vereine&#8222;, Birkenstra\u00dfe 2, [&hellip;]<\/p>\n","protected":false},"author":1,"featured_media":0,"parent":0,"menu_order":0,"comment_status":"closed","ping_status":"closed","template":"","meta":{"footnotes":""},"class_list":["post-9","page","type-page","status-publish","hentry"],"_links":{"self":[{"href":"https:\/\/schuetzengildelohhof.de\/index.php?rest_route=\/wp\/v2\/pages\/9","targetHints":{"allow":["GET"]}}],"collection":[{"href":"https:\/\/schuetzengildelohhof.de\/index.php?rest_route=\/wp\/v2\/pages"}],"about":[{"href":"https:\/\/schuetzengildelohhof.de\/index.php?rest_route=\/wp\/v2\/types\/page"}],"author":[{"embeddable":true,"href":"https:\/\/schuetzengildelohhof.de\/index.php?rest_route=\/wp\/v2\/users\/1"}],"replies":[{"embeddable":true,"href":"https:\/\/schuetzengildelohhof.de\/index.php?rest_route=%2Fwp%2Fv2%2Fcomments&post=9"}],"version-history":[{"count":19,"href":"https:\/\/schuetzengildelohhof.de\/index.php?rest_route=\/wp\/v2\/pages\/9\/revisions"}],"predecessor-version":[{"id":1067,"href":"https:\/\/schuetzengildelohhof.de\/index.php?rest_route=\/wp\/v2\/pages\/9\/revisions\/1067"}],"wp:attachment":[{"href":"https:\/\/schuetzengildelohhof.de\/index.php?rest_route=%2Fwp%2Fv2%2Fmedia&parent=9"}],"curies":[{"name":"wp","href":"https:\/\/api.w.org\/{rel}","templated":true}]}}