{"id":210,"date":"2019-09-11T11:19:48","date_gmt":"2019-09-11T09:19:48","guid":{"rendered":"http:\/\/schuetzengildelohhof.de\/?page_id=210"},"modified":"2019-09-12T12:13:37","modified_gmt":"2019-09-12T10:13:37","slug":"datenschutzerklaerung","status":"publish","type":"page","link":"https:\/\/schuetzengildelohhof.de\/?page_id=210","title":{"rendered":"Datenschutzerkl\u00e4rung"},"content":{"rendered":"\n<p><strong>Allgemeines<\/strong><br><br>Diese Datenschutzerkl\u00e4rung soll die Nutzer der Internetseite \u00fcber Art,  Umfang und Zweck der Erhebung und Verwendung von  personenbezogenen Daten durch den Webseitenbetreiber informieren.<br><br>Wir als Webseitenbetreiber nehmen den Datenschutz sehr ernst und behandeln Ihre personenbezogenen Daten vertraulich und nur nach den gesetzlichen Vorschriften. Wir empfehlen Ihnen unsere  Datenschutzerkl\u00e4rung in regelm\u00e4\u00dfigen Abst\u00e4nden zu lesen, da sich diese,  durch eine st\u00e4ndige Weiterentwicklung unserer Internetseite oder  Angebote bzw. durch gesetzliche oder beh\u00f6rdlichen Vorgaben, auch \u00e4ndern  kann.<br><br>In dieser Datenschutzerkl\u00e4rung nutzen wir Begriffe (z.B.  \u201cpersonenbezogene Daten\u201d oder \u201cVerarbeitung\u201d), die in Art. 4 der DSGVO  definiert sind.<\/p>\n\n\n\n<p><strong>Zugriffsdaten<\/strong><br><br>Auf Grund unseres berechtigten Interesses (s. Art. 6 Abs. 1 lit. f. DS-GVO) erheben wir Daten \u00fcber die Zugriffe auf unserer Webseite und speichern diese in den Log-Dateien des Servers. Folgende Daten werden so protokolliert:<\/p>\n\n\n\n<ul class=\"wp-block-list\"><li>Angefragte Seiten<\/li><li> Referrer URL<\/li><li> Datum und Uhrzeit der Serveranfrage<\/li><li> Status der Serverabfrage<\/li><li> \u00fcbertragende Datenmenge<\/li><li> IP-Adresse<\/li><li> User-Agent (Browser &amp; Betriebssystem)<\/li><\/ul>\n\n\n\n<p>Diese Log-Dateien werden f\u00fcr maximal 7 Tage gespeichert und anschlie\u00dfend gel\u00f6scht. Die Speicherung der Daten erfolgt allein aus Sicherheitsgr\u00fcnden, um z. B. Missbrauchsf\u00e4lle aufkl\u00e4ren zu k\u00f6nnen und werden nicht mit anderen Datenquellen zusammengef\u00fchrt. M\u00fcssen Daten aus Beweisgr\u00fcnden aufgehoben werden, sind sie solange von der L\u00f6schung ausgenommen bis der Vorfall endg\u00fcltig gekl\u00e4rt ist. Gleiche Einstellungen und Regeln gelten auch f\u00fcr die verwendeten Datenserver, die zu dem Backend-System unseres Webseiten-Provider (STRATO AG) geh\u00f6ren.<\/p>\n\n\n\n<p><strong>Cookies<\/strong><br><br>Diese Webseite verwendet Cookies, um die Benutzerfreundlichkeit, Funktionsvielfalt und Sicherheit der Webseite zu erh\u00f6hen. Bei Cookies handelt es sich um kleine Dateien, welche auf Ihrem Endger\u00e4t gespeichert werden. Ihr Browser greift auf diese Dateien zu. Dies erm\u00f6glicht den individuellen Browser von anderen zu unterscheiden. So kann die Webseite durch den Einsatz von Cookies Funktionen anbieten, die ohne Cookies nicht m\u00f6glich w\u00e4ren. Dies betrifft insbesondere eine einfache Men\u00fcf\u00fchrung und andere individuelle Webseiteneinstellungen. Die Cookies f\u00fcr diese Funktionen haben in der Regel eine Lebensdauer von maximal 24 Stunden und werden nicht zur Identifikation von Besuchern benutzt.<br><br>Moderne Browser bieten die M\u00f6glichkeit Cookies nicht zuzulassen und diese somit generell f\u00fcr eine oder alle Webseiten zu deaktivieren. Bei Nutzung dieser Browserfunktion ist nicht gew\u00e4hrleistet, dass alle Funktionen dieser Webseite ohne Einschr\u00e4nkungen genutzt werden k\u00f6nnen.<\/p>\n\n\n\n<p><strong>Erfassung und Verarbeitung personenbezogener Daten<\/strong><br><br>Grunds\u00e4tzlich ist die Nutzung unserer Internetseite ohne Angabe personenbezogener Daten m\u00f6glich. Sollte der Nutzer jedoch eine Funktion nutzen wollen, die eine Angabe von personenbezogenen Daten erfordert, verarbeitet der Webseitenbetreiber die personenbezogenen Daten nur mit einer entsprechenden gesetzlichen Grundlage oder einer Einwilligung der betroffenen Person. Als personenbezogene Daten gelten s\u00e4mtliche Informationen, die sich einer bestimmten oder bestimmbaren nat\u00fcrlichen Person zuordnen lassen &#8211; also beispielsweise Ihr Name, Ihre E-Mail-Adresse oder Telefonnummer.<br><br>Auf unserer Seite bieten wir ein Kontaktformular. Dort verarbeiten wir personenbezogene Daten wie Name, E-Mail, Telefonnummer und Inhaltsangaben aus dem Formular. Diese personenbezogenen Daten verarbeiten wir nur mit ausdr\u00fccklicher Erlaubnis der betroffenen Personen und unter Einhaltung der geltenden Datenschutzbestimmungen und unter Einhaltung der DSGVO. Die Verarbeitung erfolgt aufgrund unseres berechtigten Interesses zur Erf\u00fcllung unserer vertraglich vereinbarten Leistungen und zur Optimierung unseres Online-Angebotes.<\/p>\n\n\n\n<p><strong>Umgang mit Kontaktdaten<\/strong><br><br>Nehmen Sie durch die angebotenen Kontaktm\u00f6glichkeiten Verbindung mit uns auf, werden Ihre Angaben zur Bearbeitung und Beantwortung Ihrer Anfrage verarbeitet. Ohne Ihre Einwilligung werden diese Daten nicht an Dritte weitergegeben.<\/p>\n\n\n\n<p><strong>Umgang mit Kommentaren, Beitr\u00e4gen und Formularen<\/strong><br><br>Sollten Sie auf dieser Webseite Beitr\u00e4ge oder Kommentare verfassen, wird unter Umst\u00e4nden Ihre IP-Adresse gespeichert. Dies erfolgt aufgrund berechtigten Interesses im Sinne des Art. 6 Abs. 1 lit. f. DSGVO und dient der Sicherheit von uns als Betreiber dieser Webseite. Sollte Ihr Kommentar oder Beitrag gegen geltendes Recht versto\u00dfen, k\u00f6nnen wir als Betreiber daf\u00fcr belangt werden, weshalb wir ein Interesse an der Identit\u00e4t des eigentlichen Autors haben. <\/p>\n\n\n\n<p><strong>SSL-Verschl\u00fcsselung<\/strong><br><br>Wenn die SSL-Verschl\u00fcsselung dieser Webseite aktiviert ist, k\u00f6nnen sensible Daten, die Sie \u00fcber diese Webseite (z. B. per Kontaktformular) an uns \u00fcbermitteln, nicht von Dritten mitgelesen werden. Eine aktive verschl\u00fcsselte Verbindung erkennen Sie daran, dass die Adresszeile des Browsers von &#8222;http:\/\/&#8220; auf &#8222;https:\/\/&#8220; wechselt und an dem Schloss-Symbol in Ihrer Browserzeile. Wenn die Verschl\u00fcsselung aktiv ist, k\u00f6nnen die Daten, die Sie \u00fcber die Webseite an uns \u00fcbermitteln, nicht von Dritten mitgelesen werden.<\/p>\n\n\n\n<p><strong>Verwendung einer 2-Klick-L\u00f6sung bei Iframe-Einbindungen<\/strong><br><br>Auf unserer Webseite ist eine 2-Klick-L\u00f6sung f\u00fcr sogenannte Iframe-Einbindungen aktiviert. Diese Funktion gew\u00e4hrleistet, dass beim Aufruf einer Seite unseres Webauftritts, die solche Einbindungen fremder Webseiten enth\u00e4lt, noch keine Verbindung mit den Servern des Anbieters der jeweiligen Webseite hergestellt wird. Durch einen Klick auf k\u00f6nnen Sie jedoch die Inhalte anzeigen lassen und best\u00e4tigen damit die abweichenden Datenschutzbedingungen der eingebundenen Webseiten. Zweck und Umfang der Datenerhebung und die weitere Verarbeitung und Nutzung der Daten durch die fremden Webseiten sowie Ihre diesbez\u00fcglichen Rechte und Einstellungsm\u00f6glichkeiten zum Schutz Ihrer Privatsph\u00e4re entnehmen Sie bitte den Datenschutzhinweisen der entsprechenden Webseite bzw. des Anbieters.<\/p>\n\n\n\n<p><strong>Nutzung von Social-Media-Links<\/strong><br><br>Bei den Teilen-Funktionen auf der Webseite handelt es sich um sogenannte Share-Links. Da es sich um reine Verlinkungen und nicht um eine Einbindung handelt, sind diese datenschutzrechtlich unbedenklich. Ein Aufruf der sozialen Netzwerke findet erst statt, wenn Sie diese Links explizit anklicken bzw. aktivieren.<\/p>\n\n\n\n<p><strong>Google Recaptcha<\/strong><br><br>Zur Absicherung vor Missbrauch von Formularen kann das ReCaptcha von Google zum Einsatz kommen, wobei der optionale Paramter &#8218;remoteip&#8216; bei der API-Abfrage nicht gesetzt wird. Bei Verwendung des Captcha l\u00e4dt Ihr Browser dabei ben\u00f6tigte Daten von Google herunter. Dabei wird von Ihrem Browser eine Verbindung zu den Servern von Google hergestellt, sodass Google Kenntnis \u00fcber den Aufruf und Ihre IP-Adresse \u00fcber unsere Webseite erlangt. Der Betreiber dieser Seite hat keinen Einfluss auf diese Daten\u00fcbertragung.<br><br>Die Nutzung des Recaptcha von Google erfolgt im Interesse einer Abwehr von Missbrauch von Formularen und soll dabei die Benutzerfreundlichkeit der Webseite so wenig wie m\u00f6glich beeintr\u00e4chtigen. Das Captcha bietet durch eine meist automatische Erkennung und gro\u00dfe Funktionsvielfalt eines der benutzerfreundlichsten Captcha auf dem Markt und stellt damit ein berechtigtes Interesse im Sinne von Art. 6 Abs. 1 lit. f DSGVO dar. Bei dem Aufruf des Google Recaptcha gelten abweichende Datenschutzbestimmungen des Unternehmen Google. Weitere Informationen dazu finden Sie unter <a href=\"https:\/\/www.google.com\/intl\/de\/policies\/privacy\/\">https:\/\/www.google.com\/intl\/de\/policies\/privacy\/<\/a>.<\/p>\n\n\n\n<p><strong>Google Maps<\/strong><br><br>Diese Website kann Google Maps zur Darstellung von Lagepl\u00e4nen nutzen. Beim Aufruf eines Lageplans von Google Maps werden Daten an die Server von Google \u00fcbertragen und dort gespeichert. Der Betreiber dieser Seite hat keinen Einfluss auf diese Daten\u00fcbertragung.<br><br>Die Nutzung von Google Maps erfolgt im Interesse einer ansprechenden Darstellung unserer Online-Angebote und an einer leichten Auffindbarkeit der von uns auf der Website angegebenen Orte. Dies stellt ein berechtigtes Interesse im Sinne von Art. 6 Abs. 1 lit. f DSGVO dar.<br><br>Bei dem Aufruf von Google Maps gelten abweichende Datenschutzbestimmungen des Unternehmen Google. Weitere Informationen dazu finden Sie unter <a href=\"https:\/\/www.google.com\/intl\/de\/policies\/privacy\/\">https:\/\/www.google.com\/intl\/de\/policies\/privacy\/<\/a>.<\/p>\n\n\n\n<p><strong>Google Web Fonts<\/strong><br><br>Zur einheitlichen Darstellung von Schriftarten kann diese Webseite die sogenannten Google Web Fonts nutzen. Bei Verwendung dieser Fonts l\u00e4dt Ihr Browser dabei ben\u00f6tigte Schriftarten von unserem Webseitensystem herunter und speichert diese im sogenannten Browsercache zwischen, um die Schriftarten korrekt anzuzeigen. Dabei wird von Ihrem Browser <em>keine<\/em> Verbindung zu den Servern von Google hergestellt, sodass Google <em>keine<\/em> Kenntnis \u00fcber den Aufruf oder Ihre IP-Adresse erlangt.<\/p>\n\n\n\n<p><strong>Rechte des Nutzers<\/strong><br><br>Als Nutzer haben Sie das Recht, auf Antrag eine kostenlose Auskunft dar\u00fcber zu erhalten, welche personenbezogenen Daten \u00fcber Sie gespeichert wurden. Au\u00dferdem haben Sie das Recht auf Berichtigung falscher Daten und auf die Verarbeitungseinschr\u00e4nkung oder L\u00f6schung Ihrer personenbezogenen Daten. Falls zutreffend, k\u00f6nnen Sie auch Ihr Recht aus Datenportabilit\u00e4t geltend machen, soweit dies technisch m\u00f6glich ist und hiervon nicht die Rechte und Freiheiten anderer Personen beeintr\u00e4chtigt werden. Sollten Sie annehmen, dass Ihre Daten unrechtm\u00e4\u00dfig verarbeitet wurden, k\u00f6nnen Sie eine Beschwerde bei der zust\u00e4ndigen Aufsichtsbeh\u00f6rde einreichen.<\/p>\n\n\n\n<p><strong>L\u00f6schung von Daten<\/strong><br><br>Als Nutzer haben Sie ein Anrecht auf L\u00f6schung Ihrer Daten, sofern dies nicht mit einer gesetzlichen Pflicht zur Aufbewahrung von Daten kollidiert. Von uns gespeicherte Daten werden gel\u00f6scht, sollten diese f\u00fcr ihre Zweckbestimmung nicht mehr notwendig sein oder es keine gesetzliche Aufbewahrungsfristen gibt. Falls eine L\u00f6schung nicht m\u00f6glich ist, da die Daten f\u00fcr zul\u00e4ssige gesetzliche Zwecke erforderlich sind, erfolgt eine Einschr\u00e4nkung der Datenverarbeitung. In diesem Fall werden die Daten gesperrt und nicht mehr f\u00fcr andere Zwecke verarbeitet.<\/p>\n\n\n\n<p><strong>Widerspruchsrecht<\/strong><br><br>Nutzer dieser Webseite k\u00f6nnen von ihrem Widerspruchsrecht Gebrauch machen und der Verarbeitung ihrer personenbezogenen Daten zu jeder Zeit widersprechen.<br><br>Wenn Sie eine Berichtigung, Sperrung, L\u00f6schung oder Auskunft \u00fcber die zu Ihrer Person gespeicherten personenbezogenen Daten w\u00fcnschen oder Fragen bzgl. der Erhebung, Verarbeitung oder Verwendung Ihrer personenbezogenen Daten haben oder erteilte Einwilligungen widerrufen m\u00f6chten, wenden Sie sich bitte an ein Vorstandsmitglied unter den oben angegebenen Kontaktdaten.<\/p>\n","protected":false},"excerpt":{"rendered":"<p>Allgemeines Diese Datenschutzerkl\u00e4rung soll die Nutzer der Internetseite \u00fcber Art, Umfang und Zweck der Erhebung und Verwendung von personenbezogenen Daten durch den Webseitenbetreiber informieren. Wir als Webseitenbetreiber nehmen den Datenschutz [&hellip;]<\/p>\n","protected":false},"author":1,"featured_media":0,"parent":0,"menu_order":0,"comment_status":"closed","ping_status":"closed","template":"","meta":{"footnotes":""},"class_list":["post-210","page","type-page","status-publish","hentry"],"_links":{"self":[{"href":"https:\/\/schuetzengildelohhof.de\/index.php?rest_route=\/wp\/v2\/pages\/210","targetHints":{"allow":["GET"]}}],"collection":[{"href":"https:\/\/schuetzengildelohhof.de\/index.php?rest_route=\/wp\/v2\/pages"}],"about":[{"href":"https:\/\/schuetzengildelohhof.de\/index.php?rest_route=\/wp\/v2\/types\/page"}],"author":[{"embeddable":true,"href":"https:\/\/schuetzengildelohhof.de\/index.php?rest_route=\/wp\/v2\/users\/1"}],"replies":[{"embeddable":true,"href":"https:\/\/schuetzengildelohhof.de\/index.php?rest_route=%2Fwp%2Fv2%2Fcomments&post=210"}],"version-history":[{"count":16,"href":"https:\/\/schuetzengildelohhof.de\/index.php?rest_route=\/wp\/v2\/pages\/210\/revisions"}],"predecessor-version":[{"id":279,"href":"https:\/\/schuetzengildelohhof.de\/index.php?rest_route=\/wp\/v2\/pages\/210\/revisions\/279"}],"wp:attachment":[{"href":"https:\/\/schuetzengildelohhof.de\/index.php?rest_route=%2Fwp%2Fv2%2Fmedia&parent=210"}],"curies":[{"name":"wp","href":"https:\/\/api.w.org\/{rel}","templated":true}]}}